ighest common divisor of 4702 and 609426220.
4702
What is the greatest common divisor of 973446 and 10526?
38
What is the highest common factor of 43584 and 296568?
24
What is the greatest common divisor of 51308 and 11049?
127
Calculate the greatest common divisor of 23 and 15598876.
23
What is the highest common factor of 17063276 and 174332?
4252
Calculate the greatest common factor of 1712108 and 12.
4
What is the highest common factor of 989 and 77069803?
989
What is the highest common factor of 6756186 and 1038?
6
What is the greatest common divisor of 63752311 and 22624?
707
What is the highest common divisor of 85 and 4463285?
5
What is the highest common divisor of 11657032 and 23161?
1007
What is the highest common divisor of 17 and 318658795?
17
What is the highest common divisor of 210705 and 2475?
165
What is the greatest common divisor of 49 and 79172674?
7
What is the highest common factor of 132 and 1311780?
12
Calculate the highest common factor of 8042253 and 7833.
1119
What is the greatest common factor of 2508 and 535809956?
836
Calculate the greatest common divisor of 54227894 and 7924.
3962
What is the greatest common factor of 2317786 and 9288?
86
Calculate the highest common factor of 1620 and 3347600.
20
Calculate the highest common divisor of 21179667 and 1773.
591
What is the greatest common divisor of 456635493 and 95?
19
Calculate the highest common factor of 29476 and 5992.
4
What is the greatest common factor of 71799 and 24661?
91
What is the highest common divisor of 960959 and 1241?
17
Calculate the greatest common divisor of 1008227 and 187693.
1661
What is the highest common divisor of 128198760 and 120?
120
Calculate the greatest common divisor of 426744 and 216.
72
Calculate the highest common divisor of 189 and 2731617.
189
What is the highest common factor of 325 and 21475467?
13
What is the highest common factor of 48142268 and 7196?
1028
Calculate the highest common divisor of 535778 and 2499167.
3391
What is the greatest common divisor of 606055 and 3715?
5
Calculate the highest common divisor of 2721103 and 385.
77
What is the greatest common factor of 178409960 and 620?
620
What is the greatest common divisor of 6131813 and 190?
19
Calculate the greatest common divisor of 1387 and 2084442.
73
Calculate the greatest common factor of 104 and 377560430.
26
What is the highest common divisor of 13253 and 2158411?
457
What is the highest common factor of 61 and 14066783?
61
Calculate the highest common factor of 37465 and 236885.
295
Calculate the greatest common factor of 51872109 and 3541.
3541
What is the highest common factor of 674 and 77340152?
674
Calculate the highest common factor of 47535794 and 2654.
2654
What is the greatest common factor of 31887 and 65865551?
1181
What is the highest common factor of 57896340 and 300?
60
Calculate the greatest common factor of 5056324288 and 64.
64
Calculate the highest common factor of 1452 and 15099744.
132
Calculate the greatest common factor of 480 and 5303160.
120
Calculate the greatest common factor of 77600 and 110400.
800
Calculate the greatest common factor of 3216 and 380376.
24
What is the greatest common divisor of 205219 and 651146?
1543
What is the greatest common divisor of 36 and 190314846?
18
What is the greatest common divisor of 1233183 and 19257?
147
Calculate the highest common divisor of 274 and 2318761716.
274
What is the greatest common divisor of 42460 and 17620?
20
What is the highest common factor of 42881240 and 1808?
904
Calculate the greatest common factor of 7785975 and 75.
75
Calculate the highest common factor of 5246 and 3544920.
86
Calculate the greatest common divisor of 7015050 and 692073.
1179
What is the highest common factor of 3326 and 495884981?
1663
What is the greatest common divisor of 3471 and 431289?
3
What is the greatest common divisor of 1331 and 85679?
11
Calculate the highest common divisor of 6907908 and 2268.
84
What is the highest common factor of 7082199 and 18?
9
Calculate the highest common divisor of 31556 and 158332.
92
What is the greatest common divisor of 8797412 and 676?
52
What is the highest common divisor of 933 and 227535064?
311
What is the highest common divisor of 2600 and 781404?
52
What is the highest common divisor of 1774 and 83629908?
1774
Calculate the greatest common factor of 2190 and 889320.
30
What is the highest common factor of 105783175 and 4450?
2225
Calculate the highest common divisor of 60210 and 50970.
30
Calculate the greatest common divisor of 376142 and 1058.
46
What is the greatest common factor of 3816 and 1577448?
72
Calculate the highest common factor of 61600 and 1098944.
2464
Calculate the greatest common divisor of 312 and 30025632.
312
Calculate the greatest common divisor of 7871631 and 205.
41
Calculate the highest common factor of 10920 and 313859.
91
Calculate the greatest common divisor of 6248 and 78091409.
781
What is the greatest common factor of 87 and 209056766?
29
Calculate the highest common divisor of 41076 and 2461626.
2934
What is the highest common divisor of 67927248 and 432?
432
Calculate the highest common factor of 1389 and 12897328.
463
Calculate the greatest common divisor of 61893 and 596712.
1587
What is the highest common divisor of 345037 and 253?
11
Calculate the highest common factor of 8370493 and 746.
373
Calculate the highest common divisor of 9 and 19193829.
3
Calculate the highest common factor of 49 and 7116095.
7
What is the greatest common divisor of 31855578 and 6?
6
Calculate the highest common factor of 46427359 and 72403.
4259
What is the greatest common factor of 35612906 and 98?
98
What is the greatest common divisor of 611445163 and 5201?
5201
Calculate the greatest common factor of 15825 and 1336263.
633
What is the highest common divisor of 22603269 and 4173?
39
What is the highest common divisor of 105249079 and 1677?
559
Calculate the highest common factor of 141834870 and 54.
18
What is the highest common divisor of 1825 and 16100515?
365
Calculate the greatest common factor of 1246727 and 4308721.
4061
What is the greatest common factor of 23769952 and 216?
8
What is the highest common factor of 35856 and 951696?
432
What is the greatest common factor of 2314410 and 63?
21
Calculate the highest common factor of 56 and 469967526.
14
What is the highest common divisor of 42 and 14218064?
14
What is the greatest common factor of 45 and 4614741?
9
Calculate the highest common divisor of 290614271 and 701.
701
What is the highest common factor of 3933045 and 4473?
639
Calculate the greatest common divisor of 22 and 142460054.
22
What is the highest common divisor of 65774698 and 22?
22
Calculate the greatest common factor of 452722596 and 232.
116
Calculate the highest common divisor of 14232184 and 18872.
2696
Calculate the highest common divisor of 13754 and 921786203.
6877
Calculate the greatest common divisor of 7813704 and 252.
12
What is the highest common factor of 322 and 9856098?
322
Calculate the highest common factor of 8522 and 17.
1
What is the greatest common factor of 675428019 and 21?
21
What is the greatest common divisor of 2857330 and 350?
70
What is the highest common divisor of 1272000 and 130?
10
Calculate the highest common divisor of 43 and 34842083.
43
Calculate the highest common factor of 3891 and 416818187.
1297
What is the greatest common factor of 824 and 27237732?
412
What is the highest common divisor of 1872078044 and 508?
508
What is the highest common divisor of 225330 and 1448790?
210
Calculate the greatest common divisor of 905376 and 288.
96
What is the highest common divisor of 17834 and 1181864?
482
What is the highest common divisor of 36 and 398767992?
12
What is the highest common factor of 8730 and 5862654?
18
What is the greatest common factor of 6775515 and 1767?
93
What is the greatest common divisor of 179 and 151903?
1
What is the greatest common factor of 119411201 and 182?
91
Calculate the greatest common divisor of 1880400589 and 41.
41
What is the greatest common divisor of 716198 and 1162?
14
What is the greatest common divisor of 3906893 and 4120?
103
What is the greatest common factor of 112078265 and 7605?
845
Calculate the greatest common factor of 29025